+ p. Suppose -5*k = -l - 22 - 3, 3*l + 19 = k. What is c(l)?
2
Let h(t) = -t + 2. Let q be h(2). Let w be (-2)/(-3)*(-18)/(-4). Let v(o) = -3*o - o + w*o + 7. Calculate v(q).
7
Let o = -159 - -158. Let s(i) = 8*i + 1. Give s(o).
-7
Suppose 5*i = 5*f, i = 4*f + 3 - 18. Let z(r) = -3*r + 4*r + f - 19 - 2*r. Calculate z(-6).
-8
Let h(a) = a**2 - 2*a - 1. Let k(z) = 3*z + 1. Let w(v) = -4*v. Let f(n) = 3*k(n) + 2*w(n). Let g be f(-5). Let j be g + (16/2)/2. Calculate h(j).
-1
Let k be (-2)/6 + (-8)/3. Suppose -n - m = -2, 2*n = m - 5*m - 4. Let w(r) = -3*r**2 - n*r**3 + 3*r + 5*r**3 + 2*r**2 + 1. Give w(k).
10
Let s(z) = -84*z + 44*z + 42*z. Give s(-6).
-12
Suppose 3*s - f = -2*f - 17, s + 1 = -5*f. Let g(a) = a**3 + 6*a**2 - a - 5. What is g(s)?
1
Let w(a) be the first derivative of -a**4/4 + 5*a**3/3 - 2*a**2 + 6*a - 3. Determine w(4).
6
Let g(a) = a**2 + 5*a + 1. Let c be g(-3). Let z(u) = -2*u - 12. Let m(y) = -3*y - 23. Let r(n) = c*z(n) + 3*m(n). Give r(7).
-2
Let i(p) = p**3 - 17*p**2 + 14*p - 8. Let b be i(16). Let c be b/6 + (-8)/(-12). Let g(s) = s + 8. Calculate g(c).
2
Let a(m) be the first derivative of -m**3 + 3*m**2/2 - 1. Let s be 9 - (6/2)/(-3). Let k be s/25*(-5)/(-1). What is a(k)?
-6
Let z(h) = -9*h - 1. Suppose -1 = 2*f - 9. Suppose g + 3*g = -2*x, 0 = -2*x - 3*g + f. Suppose -2 = -x*k + 6*k. Give z(k).
-10
Let u(w) be the third derivative of w**4/8 - w**3/6 + 23*w**2. What is u(2)?
5
Let r(z) = z. Let x be 20/9 + (-4)/18. Suppose h - 30 = -5*c, 2*c + x*c - h = 24. Calculate r(c).
6
Let m(x) = x**2 + 4*x + 3. Let u = 4 + -7. Let w be u + (-3 - (-3 - 1)). Calculate m(w).
-1
Let u(b) be the first derivative of b**3/3 + 7*b**2/2 + 6*b - 1. Let l = -39 + 30. Let f = l + 5. Determine u(f).
-6
Let k(b) = 41 - 81 + b**2 + 48. Let s(u) = -u - 5. Let t be s(-5). Give k(t).
8
Suppose 3*r + 4*v = -12, 2*r = -3*r - v - 3. Let t(b) = -b**2 - 3. Calculate t(r).
-3
Suppose 3*t - 13 = 5. Let g(s) = -13*s**2 + 14*s - 19. Let j(r) = -7*r**2 + 7*r - 10. Suppose -16 = 5*y + 14. Let k(f) = y*g(f) + 11*j(f). Determine k(t).
-2
Let m(f) = f - 2. Suppose 0*v = 5*v - 20. Let d = v + 2. Suppose d*t - t + 20 = 0. Determine m(t).
-6
Suppose -82 - 14 = -5*y + 2*c, -4*y + 60 = 4*c. Let i be 12/y + 20/6. Let n(f) = -2*f**2 + 5*f + 2. Calculate n(i).
-10
Let j(a) be the first derivative of 2*a**2 + 3*a - 1/3*a**3 - 6. What is j(5)?
-2
Let y(u) be the third derivative of u**6/120 + u**5/10 + u**4/4 + 7*u**3/6 + 5*u**2. Give y(-5).
2
Let o(f) be the second derivative of -f**4/2 - f**3/6 - 7*f. Give o(-1).
-5
Let t(n) = -n**3 - n**2 + 1. Let f(o) = -7*o + 0*o**2 - 4*o**2 + 3*o**2. Let d be f(-7). Determine t(d).
1
Let b(t) = -15*t + 5 - 5*t**2 + 14*t - t**3 + 0*t. Calculate b(-4).
-7
Suppose t + t = 10. Suppose -5*c + 20 + t = 0. Let s(g) = g**2 - 7*g + 7. What is s(c)?
-3
Suppose q - 3*c = -14, 5*q - 6*c = -c - 20. Let s = 2 - q. Let v(g) = g - 2*g**2 + 4*g**2 + 2*g**3 + g**2 - 4*g**2. What is v(s)?
2
Let a(m) be the third derivative of -m**7/1008 - m**6/240 + m**5/30 - 4*m**2. Let b(y) be the third derivative of a(y). Determine b(-3).
12
Let q(a) be the third derivative of a**5/60 + 7*a**4/24 + a**3 - 9*a**2. Give q(-4).
-6
Suppose 3*i = -u + 4 + 5, -3*i - 27 = -3*u. Let j(m) = 8 + 6 - m - u. What is j(5)?
0
Let b(u) = -2 + u**3 - 7 + 8*u**2 - 4*u + 10*u. Calculate b(-7).
-2
Let p(a) = -a**2 - 6*a - 4. Let i(b) = -b - 4. Let f be i(-2). Let y = f + -3. Calculate p(y).
1
Let i(p) = -7*p + 9. Let f(k) = 4*k - 4. Let z(t) = -9*f(t) - 4*i(t). Give z(-1).
8
Let t(n) = n - 1. Let k(a) = 3*a - 1. Let b(u) = -k(u) + 2*t(u). Let r = -1 - -4. Calculate b(r).
-4
Suppose 0*p - 1 = p. Let q(r) be the first derivative of -r - 1 - 7/2*r**2. Give q(p).
6
Let a be (-5)/5 - (-2 + -1). Let s(x) = 4 - a*x + 2 + 3 - 7. Let u(j) = -j - 8. Let o be u(-11). Give s(o).
-4
Let x(p) = -6*p**3 + p. Suppose -h + 4 - 1 = 0. Suppose 5*y - h = -8. What is x(y)?
5
Let h(w) be the second derivative of -w**4/12 - 2*w**3/3 + w**2/2 + 12*w - 2. Give h(-4).
1
Let o(l) = -l**2 + 10*l. Let m be o(8). Let v(x) = -x + 40 - 40 - m*x**2. Give v(-1).
-15
Let m(o) = -o**2 - 7*o. Let q be m(-6). Suppose -q = -u - 4. Let y(l) = -4*l + 4*l - u - 2*l. Calculate y(-3).
4
Let d(j) = -3*j**3 + j**2 - j - 1. Let x(n) = -4*n + 1. Let h be x(-1). Suppose -w = 2 + h. Let o = w - -6. Give d(o).
4
Suppose 9*y - 30 = 4*y. Let k be 3*(-4)/y - -4. Let g(i) = i. What is g(k)?
2
Let z = 102 + -61. Suppose 0*p = 3*k - p - z, 23 = 4*k + 5*p. Let s be (-2)/(-6) - k/(-18). Let j(r) = -5*r**2 + r. Calculate j(s).
-4
Let t(i) = -i**3 - i**2 + 3*i - 4. Let z(h) = h**3 + 2*h**2 - 3*h - 2. Let l be z(-3). Let w = l - 1. Determine t(w).
5
Let o(t) = -t + 3. Suppose -2*i = -4*r + 16 + 8, -4*i = 4*r + 24. Let h = i + 17. Suppose h - 24 = 5*z. Determine o(z).
6
Let q(b) = 6 + b + 4 - 4. Let c be q(-5). Let i(x) = 5*x**2 - 1 + x**2 + 2. Determine i(c).
7
Let w(q) = -q**3 + q - 1. Let h be 7/4 - 1/(-4). Suppose 3*o - 20 = 4*o + 4*z, -h*o - 20 = 4*z. Suppose o = 2*d - 0*d. Give w(d).
-1
Let w(x) be the third derivative of x**4/24 + x**3/6 + 26*x**2. Determine w(4).
5
Let b be 9/(-2)*6/(-9). Let r(x) = -b*x + 8*x + 3*x + 1. Determine r(-1).
-7
Let t(l) = -l - 6. Let g(d) = d + 10. Let v be g(-5). Suppose 0*i - v = 4*k - i, 3*i = -9. Let y be -1 - 1 - (k - 0). Determine t(y).
-6
Let a(b) = b**2 - 9*b + 10. Let p be a(8). Let q(s) = 1 - p*s + 2*s - 2*s + 4*s. Suppose -t + 1 = -3*u, 0 = -0*u - 2*u + 2. Calculate q(t).
9
Let n(l) = l - 6. Let i = -7 - -1. Let r be (i/8)/((-5)/(-20)). Let w = r - -3. Give n(w).
-6
Let b(t) be the first derivative of 3*t**2/2 + t - 1. Let w be (19 + 1)/(-9 - -11). Suppose 0 = -7*r + 2*r - w. Calculate b(r).
-5
Let d(h) = -3751 - 13*h + 3764 - 2*h**2 + 3*h**2. Calculate d(9).
-23
Let m(j) = -j**3 + 3*j**2 + j + 1. Let c be m(3). Suppose 9*l = c*l - 15. Let a(s) = -s - 5. Calculate a(l).
-2
Suppose 4*n - 11 = 1. Suppose -5*d + 4*z + 3 = 0, -d - 4*z + 5 = -10. Let c(u) = 4 - 2 + u**d - u**2 + u - n. Calculate c(0).
-1
Let t(b) = -10*b**3 + 15*b**2 - 13*b - 16. Let l(u) = 7*u**3 - 10*u**2 + 9*u + 11. Let y be 29/(-6) - 5/30. Let q(h) = y*t(h) - 7*l(h). Give q(3).
-9
Suppose l - 2*f = 2, 2*f + 0 + 6 = 3*l. Let u(y) = y**2 + l - 3*y + 2*y**2 - 4*y**2 - y**2. Calculate u(-3).
-7
Let j = -1 + 0. Let l(o) = -o - 6. Let a(p) = -3*p + 6*p + 15 + 2. Let b(d) = 6*a(d) + 17*l(d). What is b(j)?
-1
Let u(b) = b**2 - b + 0*b**2 - 8 + 3 - 3. Determine u(0).
-8
Let x(v) = -6*v**2 - 1 + 12 - 3 + 2*v. Let z(h) = 7*h**2 - 3*h - 9. Let y(d) = 6*x(d) + 5*z(d). Calculate y(-3).
3
Let p(j) = j**3 + 6*j**2 - 8*j - 7. Let r be p(-7). Let b = r + -2. Let f(h) = -h**3 - 3*h**2 + 1. What is f(b)?
-3
Let m(u) be the second derivative of u**3/3 - 2*u**2 + 6*u. Calculate m(5).
6
Let m(o) = 4*o + 4. Let r(a) = a + 6. Let g be r(-9). Calculate m(g).
-8
Let t(i) be the first derivative of i**3/3 - 5*i**2/2 + 3*i + 1. Let o be 20/3 - (-90)/(-54). What is t(o)?
3
Let p(i) = i**3 - 6*i**2 + 6*i. Let w(g) = 6*g - 2. Let d be w(1). Determine p(d).
-8
Let h(q) = 2*q**2 - 3*q - 4. Let w(f) = f**2 + f + 4. Let g be w(-4). Suppose 0 = 5*n + 1 - g. Let v = 0 + n. Calculate h(v).
5
Suppose u = 0, -5*b = 4*u - 18 + 3. Let i(r) = -1 - 2 + 2*r - b*r. Determine i(-5).
2
Let p(j) = -3*j - 2. Let m(g) = -g**3 - 9*g**2 + 7*g - 13. Let d be m(-10). Suppose 0 = 3*h - 4*i + d, h + 2*i + 8 = -3*h. Give p(h).
7
Let o(s) = 2*s - 13. Let v be o(9). Suppose v*d = 3*q - 8*q, -4*q + 24 = -4*d. Let x(b) = -4*b. Give x(q).
-12
Let f(w) = -w**2 - 5*w + 5. Let b be f(-5). Suppose h - 5 = -b*a + a, -5*a = -h - 13. Let j(t) = 2*t + t + 2*t**a + t**2. What is j(-2)?
6
Let w = 1 + 2. Let s(i) = 5*i**2 + 6*i + 16. Let j(l) = l**2 + l + 3. Let d(t) = 11*j(t) - 2*s(t). Calculate d(w).
7
Suppose 2*b = -0*b + 10. Suppose -b*j + 9 = -2*j. Suppose -5*v - j*x = -10, x + 20 = -3*x. Let f(i) = i**3 - 4*i**2 - 2*i - 6. Determine f(v).
9
Suppose 2*q = 20 + 76. Let b be (-8)/q - 35/6. Let d(f) = -f - 7. Give d(b).
-1
Let p(t) be the second derivative of 1/12*t**4 + 5/6*t**3 + 0 + t**2 + 2*t. Determine p(-5).
2
Let i(y) = -10*y - 8. Suppose -4*n = -0*n - 4*l - 20, 3*n + 2*l + 10 = 0. Let w(h) = 3 + 4*h + n - h. Let j(k) = 2*i(k) + 7*w(k). Give j(-4).
1
Let o(y) = 18 - 13 + y - 3. Calculate o